{"id":32146,"date":"2026-08-16T09:46:30","date_gmt":"2026-08-16T07:46:30","guid":{"rendered":"https:\/\/itbranschen.com\/da\/redaktionen\/tomas-almgren\/"},"modified":"2026-09-06T19:45:16","modified_gmt":"2026-09-06T17:45:16","slug":"tomas-almgren","status":"publish","type":"itb_author","link":"https:\/\/itbranschen.com\/sv\/redaktionen\/tomas-almgren\/","title":{"rendered":"Tomas Almgren"},"content":{"rendered":"<p>Tomas Almgren bevakar moln och infrastruktur med fokus p\u00e5 molntj\u00e4nster, datacenter, n\u00e4tverk och edge. Han f\u00f6ljer hur f\u00f6retag bygger skalbar och s\u00e4ker IT-grund och analyserar utvecklingen inom hybridmoln och drift.<\/p>\n","protected":false},"featured_media":0,"menu_order":0,"template":"","class_list":["post-32146","itb_author","type-itb_author","status-publish","cs-entry","cs-video-wrap"],"_links":{"self":[{"href":"https:\/\/itbranschen.com\/sv\/wp-json\/wp\/v2\/itb_author\/32146","targetHints":{"allow":["GET"]}}],"collection":[{"href":"https:\/\/itbranschen.com\/sv\/wp-json\/wp\/v2\/itb_author"}],"about":[{"href":"https:\/\/itbranschen.com\/sv\/wp-json\/wp\/v2\/types\/itb_author"}],"wp:attachment":[{"href":"https:\/\/itbranschen.com\/sv\/wp-json\/wp\/v2\/media?parent=32146"}],"curies":[{"name":"wp","href":"https:\/\/api.w.org\/{rel}","templated":true}]}}

<p>Tomas Almgren bevakar moln och infrastruktur med fokus på molntjänster, datacenter, nätverk och edge. Han följer hur företag bygger skalbar och säker IT-grund och analyserar utvecklingen inom hybridmoln och drift.</p>
