{"id":32145,"date":"2026-08-16T09:46:30","date_gmt":"2026-08-16T07:46:30","guid":{"rendered":"https:\/\/itbranschen.com\/da\/redaktionen\/andreas-wallin\/"},"modified":"2026-09-02T18:55:46","modified_gmt":"2026-09-02T16:55:46","slug":"andreas-wallin","status":"publish","type":"itb_author","link":"https:\/\/itbranschen.com\/sv\/redaktionen\/andreas-wallin\/","title":{"rendered":"Andreas Wallin"},"content":{"rendered":"<p>Andreas Wallin bevakar artificiell intelligens, automation och f\u00f6retagsmjukvara. Han analyserar hur AI p\u00e5verkar organisationer, produktivitet och beslutsfattande och f\u00f6ljer utvecklingen inom AI-plattformar, data, molntj\u00e4nster och n\u00e4sta generations mjukvarul\u00f6sningar.<\/p>\n","protected":false},"featured_media":0,"menu_order":0,"template":"","class_list":["post-32145","itb_author","type-itb_author","status-publish","cs-entry","cs-video-wrap"],"_links":{"self":[{"href":"https:\/\/itbranschen.com\/sv\/wp-json\/wp\/v2\/itb_author\/32145","targetHints":{"allow":["GET"]}}],"collection":[{"href":"https:\/\/itbranschen.com\/sv\/wp-json\/wp\/v2\/itb_author"}],"about":[{"href":"https:\/\/itbranschen.com\/sv\/wp-json\/wp\/v2\/types\/itb_author"}],"wp:attachment":[{"href":"https:\/\/itbranschen.com\/sv\/wp-json\/wp\/v2\/media?parent=32145"}],"curies":[{"name":"wp","href":"https:\/\/api.w.org\/{rel}","templated":true}]}}

<p>Andreas Wallin bevakar artificiell intelligens, automation och företagsmjukvara. Han analyserar hur AI påverkar organisationer, produktivitet och beslutsfattande och följer utvecklingen inom AI-plattformar, data, molntjänster och nästa generations mjukvarulösningar.</p>
