{"id":32148,"date":"2026-08-16T09:46:30","date_gmt":"2026-08-16T07:46:30","guid":{"rendered":"https:\/\/itbranschen.com\/da\/redaktionen\/anna-dalberg\/"},"modified":"2026-09-02T17:11:12","modified_gmt":"2026-09-02T15:11:12","slug":"anna-dalberg","status":"publish","type":"itb_author","link":"https:\/\/itbranschen.com\/de\/redaktionen\/anna-dalberg\/","title":{"rendered":"Anna Dalberg"},"content":{"rendered":"<p>Anna Dalberg berichtet \u00fcber Telekommunikation und Netzwerke mit einem besonderen Fokus auf 5G, Konnektivit\u00e4t und die Infrastruktur der nordischen L\u00e4nder. Sie behandelt Netzbetreiber, Technologieanbieter und Standardisierungsarbeiten.<\/p>","protected":false},"featured_media":0,"menu_order":0,"template":"","class_list":["post-32148","itb_author","type-itb_author","status-publish","cs-entry","cs-video-wrap"],"_links":{"self":[{"href":"https:\/\/itbranschen.com\/de\/wp-json\/wp\/v2\/itb_author\/32148","targetHints":{"allow":["GET"]}}],"collection":[{"href":"https:\/\/itbranschen.com\/de\/wp-json\/wp\/v2\/itb_author"}],"about":[{"href":"https:\/\/itbranschen.com\/de\/wp-json\/wp\/v2\/types\/itb_author"}],"wp:attachment":[{"href":"https:\/\/itbranschen.com\/de\/wp-json\/wp\/v2\/media?parent=32148"}],"curies":[{"name":"wp","href":"https:\/\/api.w.org\/{rel}","templated":true}]}}

<p>Anna Dalberg berichtet über Telekommunikation und Netzwerke mit einem besonderen Fokus auf 5G, Konnektivität und die Infrastruktur der nordischen Länder. Sie behandelt Netzbetreiber, Technologieanbieter und Standardisierungsarbeiten.</p>
