{"id":32145,"date":"2026-08-16T09:46:30","date_gmt":"2026-08-16T07:46:30","guid":{"rendered":"https:\/\/itbranschen.com\/da\/redaktionen\/andreas-wallin\/"},"modified":"2026-09-02T17:11:09","modified_gmt":"2026-09-02T15:11:09","slug":"andreas-wallin","status":"publish","type":"itb_author","link":"https:\/\/itbranschen.com\/de\/redaktionen\/andreas-wallin\/","title":{"rendered":"Andreas Wallin"},"content":{"rendered":"<p>Andreas Wallin berichtet \u00fcber k\u00fcnstliche Intelligenz, Automatisierung und Unternehmenssoftware. Er analysiert die Auswirkungen von KI auf Organisationen, Produktivit\u00e4t und Entscheidungsfindung und verfolgt die Entwicklungen bei KI-Plattformen, Daten, Cloud-Diensten und Softwarel\u00f6sungen der n\u00e4chsten Generation.<\/p>","protected":false},"featured_media":0,"menu_order":0,"template":"","class_list":["post-32145","itb_author","type-itb_author","status-publish","cs-entry","cs-video-wrap"],"_links":{"self":[{"href":"https:\/\/itbranschen.com\/de\/wp-json\/wp\/v2\/itb_author\/32145","targetHints":{"allow":["GET"]}}],"collection":[{"href":"https:\/\/itbranschen.com\/de\/wp-json\/wp\/v2\/itb_author"}],"about":[{"href":"https:\/\/itbranschen.com\/de\/wp-json\/wp\/v2\/types\/itb_author"}],"wp:attachment":[{"href":"https:\/\/itbranschen.com\/de\/wp-json\/wp\/v2\/media?parent=32145"}],"curies":[{"name":"wp","href":"https:\/\/api.w.org\/{rel}","templated":true}]}}

<p>Andreas Wallin berichtet über künstliche Intelligenz, Automatisierung und Unternehmenssoftware. Er analysiert die Auswirkungen von KI auf Organisationen, Produktivität und Entscheidungsfindung und verfolgt die Entwicklungen bei KI-Plattformen, Daten, Cloud-Diensten und Softwarelösungen der nächsten Generation.</p>
