{"id":32144,"date":"2026-08-16T09:46:30","date_gmt":"2026-08-16T07:46:30","guid":{"rendered":"https:\/\/itbranschen.com\/da\/redaktionen\/sandra-astrom\/"},"modified":"2026-09-02T17:11:16","modified_gmt":"2026-09-02T15:11:16","slug":"sandra-astrom","status":"publish","type":"itb_author","link":"https:\/\/itbranschen.com\/de\/redaktionen\/sandra-astrom\/","title":{"rendered":"Sandra Astrom"},"content":{"rendered":"<p>Sandra \u00c5str\u00f6m berichtet \u00fcber Entwicklungen im Bereich Cybersicherheit mit Schwerpunkt auf Bedrohungslandschaft, Identit\u00e4tssicherheit, Cloud-Sicherheit und regulatorischen Fragen. Sie verfolgt den nordischen und europ\u00e4ischen Markt und berichtet \u00fcber neue Sicherheitsl\u00f6sungen, Ransomware, KI-gest\u00fctzte Cyberbedrohungen und digitale Resilienz.<\/p>","protected":false},"featured_media":0,"menu_order":0,"template":"","class_list":["post-32144","itb_author","type-itb_author","status-publish","cs-entry","cs-video-wrap"],"_links":{"self":[{"href":"https:\/\/itbranschen.com\/de\/wp-json\/wp\/v2\/itb_author\/32144","targetHints":{"allow":["GET"]}}],"collection":[{"href":"https:\/\/itbranschen.com\/de\/wp-json\/wp\/v2\/itb_author"}],"about":[{"href":"https:\/\/itbranschen.com\/de\/wp-json\/wp\/v2\/types\/itb_author"}],"wp:attachment":[{"href":"https:\/\/itbranschen.com\/de\/wp-json\/wp\/v2\/media?parent=32144"}],"curies":[{"name":"wp","href":"https:\/\/api.w.org\/{rel}","templated":true}]}}

<p>Sandra Åström berichtet über Entwicklungen im Bereich Cybersicherheit mit Schwerpunkt auf Bedrohungslandschaft, Identitätssicherheit, Cloud-Sicherheit und regulatorischen Fragen. Sie verfolgt den nordischen und europäischen Markt und berichtet über neue Sicherheitslösungen, Ransomware, KI-gestützte Cyberbedrohungen und digitale Resilienz.</p>
