{"id":32143,"date":"2026-08-16T09:46:30","date_gmt":"2026-08-16T07:46:30","guid":{"rendered":"https:\/\/itbranschen.com\/da\/redaktionen\/mateo-sandstrom\/"},"modified":"2026-09-06T19:52:59","modified_gmt":"2026-09-06T17:52:59","slug":"mateo-sandstrom","status":"publish","type":"itb_author","link":"https:\/\/itbranschen.com\/de\/redaktionen\/mateo-sandstrom\/","title":{"rendered":"Mateo Sandstr\u00f6m"},"content":{"rendered":"<p>Mateo Sandstr\u00f6m arbetar med den dagliga redaktionella planeringen och samordningen av IT-Branschens nyhetsfl\u00f6de. Han f\u00f6ljer utvecklingen inom enterprise IT, f\u00f6retagsmjukvara, digital transformation och den nordiska kanalmarknaden.<\/p>","protected":false},"featured_media":0,"menu_order":0,"template":"","class_list":["post-32143","itb_author","type-itb_author","status-publish","cs-entry","cs-video-wrap"],"_links":{"self":[{"href":"https:\/\/itbranschen.com\/de\/wp-json\/wp\/v2\/itb_author\/32143","targetHints":{"allow":["GET"]}}],"collection":[{"href":"https:\/\/itbranschen.com\/de\/wp-json\/wp\/v2\/itb_author"}],"about":[{"href":"https:\/\/itbranschen.com\/de\/wp-json\/wp\/v2\/types\/itb_author"}],"wp:attachment":[{"href":"https:\/\/itbranschen.com\/de\/wp-json\/wp\/v2\/media?parent=32143"}],"curies":[{"name":"wp","href":"https:\/\/api.w.org\/{rel}","templated":true}]}}

Mateo Sandström

<p>Mateo Sandström arbetar med den dagliga redaktionella planeringen och samordningen av IT-Branschens nyhetsflöde. Han följer utvecklingen inom enterprise IT, företagsmjukvara, digital transformation och den nordiska kanalmarknaden.</p>
