{"id":28512,"date":"2026-07-11T12:24:38","date_gmt":"2026-07-11T10:24:38","guid":{"rendered":"https:\/\/itbranschen.com\/?post_type=ajde_events&#038;p=28512"},"modified":"2026-08-24T14:54:36","modified_gmt":"2026-08-24T12:54:36","slug":"pax8-jenseits-von-2026-kopenhagen","status":"publish","type":"ajde_events","link":"https:\/\/itbranschen.com\/de\/events\/pax8-beyond-2026-copenhagen\/","title":{"rendered":"PAX8 BEYOND 2026 KOPENHAGEN"},"content":{"rendered":"<p class=\"wp-block-paragraph\"><strong><a href=\"https:\/\/www.pax8.com\/en-eu\/\" target=\"_blank\" rel=\"noreferrer noopener\">Pax8<\/a> \u00dcber EMEA hinaus bis 2026<\/strong> ist eine der f\u00fchrenden europ\u00e4ischen Konferenzen f\u00fcr Managed Service Provider (MSPs), IT-Partner, Cloud-Anbieter und Technologieunternehmen. Drei intensive Tage lang treffen sich Branchenf\u00fchrer, Experten und Innovatoren, um die Zukunft zu erkunden. <a href=\"https:\/\/itbranschen.com\/category\/moln-data\/\">Cloud-Dienste<\/a>, <a href=\"https:\/\/itbranschen.com\/category\/cybersakerhet\/\">Cybersicherheit<\/a>, <a href=\"https:\/\/itbranschen.com\/category\/artificiell-intelligens\/\">k\u00fcnstliche Intelligenz<\/a>, Automatisierung und <a href=\"https:\/\/itbranschen.com\/category\/digitalisering\/\">digitale Transformation<\/a>.<\/p>\n\n\n\n<p class=\"wp-block-paragraph\">Die Veranstaltung bietet inspirierende Keynotes, technische Breakout-Sessions, praxisorientierte Workshops und umfangreiche Networking-M\u00f6glichkeiten. Die Teilnehmer erfahren mehr \u00fcber die neuesten Innovationen im Pax8 Marketplace, treffen f\u00fchrende Technologieanbieter und entdecken Strategien, die Unternehmen helfen, zu wachsen, Abl\u00e4ufe zu optimieren und neue Gesch\u00e4ftsm\u00f6glichkeiten in einem sich rasant ver\u00e4ndernden IT-Markt zu erschlie\u00dfen.<\/p>\n\n\n\n<figure class=\"wp-block-embed is-type-video is-provider-youtube wp-block-embed-youtube wp-embed-aspect-16-9 wp-has-aspect-ratio\"><div class=\"wp-block-embed__wrapper\">\n<iframe title=\"Pax8 Beyond EMEA 18. Oktober 2026 \u2013 20. Oktober\" width=\"1200\" height=\"675\" src=\"https:\/\/www.youtube.com\/embed\/xSzlpU2SPb8?feature=oembed\" frameborder=\"0\" allow=\"accelerometer; autoplay; clipboard-write; encrypted-media; gyroscope; picture-in-picture; web-share\" referrerpolicy=\"strict-origin-when-cross-origin\" allowfullscreen><\/iframe>\n<\/div><\/figure>\n\n\n\n<p class=\"wp-block-paragraph\">Egal ob Managed Service Provider (MSP), Wiederverk\u00e4ufer, Systemintegrator oder Technologiepartner, <a href=\"https:\/\/itbranschen.com\/tag\/pax8\/\" data-type=\"post_tag\" data-id=\"315\">Pax8 \u00fcber EMEA hinaus<\/a> Eine einzigartige Gelegenheit, wertvolle Kontakte zu kn\u00fcpfen, Ihre F\u00e4higkeiten weiterzuentwickeln und konkrete Einblicke in das IT-\u00d6kosystem der Zukunft zu gewinnen. Die Konferenz findet im Bella Center in Kopenhagen statt. <strong>18. bis 20. Oktober 2026<\/strong> und bringt Tausende von Teilnehmern aus der gesamten EMEA-Region zusammen.<\/p>\n\n\n\n<p class=\"wp-block-paragraph\"><strong>Bella Center Kopenhagen<\/strong><br>Center Boulevard 5<br>2300 Kopenhagen S<br>D\u00e4nemark<\/p>\n\n\n\n<p class=\"wp-block-paragraph\"><a href=\"https:\/\/attend.pax8.com\/event\/emea-beyond-oct-2026\/register\" target=\"_blank\" rel=\"noreferrer noopener\"><strong>https:\/\/attend.pax8.com\/event\/emea-beyond-oct-2026\/register<\/strong><\/a><\/p>\n\n\n\n<p class=\"wp-block-paragraph\"><\/p>","protected":false},"author":1,"featured_media":28513,"menu_order":0,"comment_status":"closed","ping_status":"closed","template":"","meta":[],"tags":[24,1422,732,214,765,7519,7072,6015,1087,2486,48,31,176,1094,899,2350,790,5670,751,7523,215,6486,1691,7521,1093,2145,25,974,1089,908,1101,6087,4637,7517,315,1416,1450,7522,51,3084,7518],"event_type":[7473],"event_type_2":[],"class_list":["post-28512","ajde_events","type-ajde_events","status-publish","has-post-thumbnail","tag-ai","tag-artificiell-intelligens","tag-automation","tag-aws","tag-azure","tag-bella-center","tag-channel","tag-channel-partner","tag-cloud-computing","tag-cloud-marketplace","tag-copilot","tag-cybersakerhet","tag-danmark","tag-digital-transformation","tag-emea","tag-enterprise-it","tag-google-cloud","tag-it-innovation","tag-it-branschen","tag-it-ekosystem-2","tag-it-infrastruktur","tag-it-konferens-2","tag-it-partners","tag-kopenhamn","tag-managed-service-providers","tag-managed-services","tag-microsoft","tag-microsoft-365","tag-molntjanster","tag-msp","tag-natverkande","tag-nordiska-it-marknaden","tag-partner-ecosystem","tag-partner-program","tag-pax8","tag-pax8-beyond","tag-pax8-beyond-emea","tag-pax8-beyond-emea-2026-2","tag-saas","tag-tech-event","tag-tech-summit","event_location-bella-center-copenhagen","event_organizer-pax8","event_type-konferens","cs-entry","cs-video-wrap"],"_links":{"self":[{"href":"https:\/\/itbranschen.com\/de\/wp-json\/wp\/v2\/ajde_events\/28512","targetHints":{"allow":["GET"]}}],"collection":[{"href":"https:\/\/itbranschen.com\/de\/wp-json\/wp\/v2\/ajde_events"}],"about":[{"href":"https:\/\/itbranschen.com\/de\/wp-json\/wp\/v2\/types\/ajde_events"}],"author":[{"embeddable":true,"href":"https:\/\/itbranschen.com\/de\/wp-json\/wp\/v2\/users\/1"}],"replies":[{"embeddable":true,"href":"https:\/\/itbranschen.com\/de\/wp-json\/wp\/v2\/comments?post=28512"}],"wp:featuredmedia":[{"embeddable":true,"href":"https:\/\/itbranschen.com\/de\/wp-json\/wp\/v2\/media\/28513"}],"wp:attachment":[{"href":"https:\/\/itbranschen.com\/de\/wp-json\/wp\/v2\/media?parent=28512"}],"wp:term":[{"taxonomy":"post_tag","embeddable":true,"href":"https:\/\/itbranschen.com\/de\/wp-json\/wp\/v2\/tags?post=28512"},{"taxonomy":"event_type","embeddable":true,"href":"https:\/\/itbranschen.com\/de\/wp-json\/wp\/v2\/event_type?post=28512"},{"taxonomy":"event_type_2","embeddable":true,"href":"https:\/\/itbranschen.com\/de\/wp-json\/wp\/v2\/event_type_2?post=28512"}],"curies":[{"name":"wp","href":"https:\/\/api.w.org\/{rel}","templated":true}]}}

<p class="wp-block-paragraph"><strong><a href="https://www.pax8.com/en-eu/" target="_blank" rel="noreferrer noopener">Pax8</a> Über EMEA hinaus bis 2026</strong> ist eine der führenden europäischen Konferenzen für Managed Service Provider (MSPs), IT-Partner, Cloud-Anbieter und Technologieunternehmen. Drei intensive Tage lang treffen sich Branchenführer, Experten und Innovatoren, um die Zukunft zu erkunden. <a href="https://itbranschen.com/category/moln-data/">Cloud-Dienste</a>, <a href="https://itbranschen.com/category/cybersakerhet/">Cybersicherheit</a>, <a href="https://itbranschen.com/category/artificiell-intelligens/">künstliche Intelligenz</a>, Automatisierung und <a href="https://itbranschen.com/category/digitalisering/">digitale Transformation</a>.</p>



<p class="wp-block-paragraph">Die Veranstaltung bietet inspirierende Keynotes, technische Breakout-Sessions, praxisorientierte Workshops und umfangreiche Networking-Möglichkeiten. Die Teilnehmer erfahren mehr über die neuesten Innovationen im Pax8 Marketplace, treffen führende Technologieanbieter und entdecken Strategien, die Unternehmen helfen, zu wachsen, Abläufe zu optimieren und neue Geschäftsmöglichkeiten in einem sich rasant verändernden IT-Markt zu erschließen.</p>



<figure class="wp-block-embed is-type-video is-provider-youtube wp-block-embed-youtube wp-embed-aspect-16-9 wp-has-aspect-ratio"><div class="wp-block-embed__wrapper">
<iframe title="Pax8 Beyond EMEA 18. Oktober 2026 – 20. Oktober" width="1200" height="675" src="https://www.youtube.com/embed/xSzlpU2SPb8?feature=oembed" frameborder="0" allow="accelerometer; autoplay; clipboard-write; encrypted-media; gyroscope; picture-in-picture; web-share" referrerpolicy="strict-origin-when-cross-origin" allowfullscreen></iframe>
</div></figure>



<p class="wp-block-paragraph">Egal ob Managed Service Provider (MSP), Wiederverkäufer, Systemintegrator oder Technologiepartner, <a href="https://itbranschen.com/tag/pax8/" data-type="post_tag" data-id="315">Pax8 über EMEA hinaus</a> Eine einzigartige Gelegenheit, wertvolle Kontakte zu knüpfen, Ihre Fähigkeiten weiterzuentwickeln und konkrete Einblicke in das IT-Ökosystem der Zukunft zu gewinnen. Die Konferenz findet im Bella Center in Kopenhagen statt. <strong>18. bis 20. Oktober 2026</strong> und bringt Tausende von Teilnehmern aus der gesamten EMEA-Region zusammen.</p>



<p class="wp-block-paragraph"><strong>Bella Center Kopenhagen</strong><br>Center Boulevard 5<br>2300 Kopenhagen S<br>Dänemark</p>



<p class="wp-block-paragraph"><a href="https://attend.pax8.com/event/emea-beyond-oct-2026/register" target="_blank" rel="noreferrer noopener"><strong>https://attend.pax8.com/event/emea-beyond-oct-2026/register</strong></a></p>



<p class="wp-block-paragraph"></p>
