{"id":28512,"date":"2026-07-11T12:24:38","date_gmt":"2026-07-11T10:24:38","guid":{"rendered":"https:\/\/itbranschen.com\/?post_type=ajde_events&#038;p=28512"},"modified":"2026-08-24T14:54:36","modified_gmt":"2026-08-24T12:54:36","slug":"pax8-ud-over-2026-kobenhavn","status":"publish","type":"ajde_events","link":"https:\/\/itbranschen.com\/da\/events\/pax8-beyond-2026-copenhagen\/","title":{"rendered":"PAX8 BEYOND 2026 K\u00d8BENHAVN"},"content":{"rendered":"<p class=\"wp-block-paragraph\"><strong><a href=\"https:\/\/www.pax8.com\/en-eu\/\" target=\"_blank\" rel=\"noreferrer noopener\">Pax8<\/a> Ud over EMEA 2026<\/strong> er en af Europas f\u00f8rende konferencer for MSP&#039;er, IT-partnere, cloud-udbydere og teknologivirksomheder. Over tre intensive dage samles brancheledere, eksperter og innovatorer for at udforske fremtiden for <a href=\"https:\/\/itbranschen.com\/category\/moln-data\/\">cloud-tjenester<\/a>, <a href=\"https:\/\/itbranschen.com\/category\/cybersakerhet\/\">cybersikkerhed<\/a>, <a href=\"https:\/\/itbranschen.com\/category\/artificiell-intelligens\/\">kunstig intelligens<\/a>, automatisering og <a href=\"https:\/\/itbranschen.com\/category\/digitalisering\/\">digital transformation<\/a>.<\/p>\n\n\n\n<p class=\"wp-block-paragraph\">Arrangementet byder p\u00e5 inspirerende hovedtaler, tekniske breakout-sessioner, praktiske workshops og omfattende netv\u00e6rksmuligheder. Deltagerne vil l\u00e6re om de seneste innovationer i Pax8 Marketplace, m\u00f8de f\u00f8rende teknologiudbydere og opdage strategier, der hj\u00e6lper virksomheder med at vokse, str\u00f8mline driften og skabe nye forretningsmuligheder i et hurtigt skiftende IT-marked.<\/p>\n\n\n\n<figure class=\"wp-block-embed is-type-video is-provider-youtube wp-block-embed-youtube wp-embed-aspect-16-9 wp-has-aspect-ratio\"><div class=\"wp-block-embed__wrapper\">\n<iframe title=\"Pax8 Beyond EMEA 18. oktober 2026 \u2013 20. oktober\" width=\"1200\" height=\"675\" src=\"https:\/\/www.youtube.com\/embed\/xSzlpU2SPb8?feature=oembed\" frameborder=\"0\" allow=\"accelerometer; autoplay; clipboard-write; encrypted-media; gyroscope; picture-in-picture; web-share\" referrerpolicy=\"strict-origin-when-cross-origin\" allowfullscreen><\/iframe>\n<\/div><\/figure>\n\n\n\n<p class=\"wp-block-paragraph\">Uanset om du er MSP, forhandler, systemintegrator eller teknologipartner, <a href=\"https:\/\/itbranschen.com\/tag\/pax8\/\" data-type=\"post_tag\" data-id=\"315\">Pax8 Beyond EMEA<\/a> en unik mulighed for at opbygge v\u00e6rdifulde relationer, udvikle dine f\u00e6rdigheder og f\u00e5 konkret indsigt i fremtidens IT-\u00f8kosystem. Konferencen afholdes i Bella Center i K\u00f8benhavn d. <strong>18. til 20. oktober 2026<\/strong> og samler tusindvis af deltagere fra hele EMEA-regionen.<\/p>\n\n\n\n<p class=\"wp-block-paragraph\"><strong>Bella Center K\u00f8benhavn<\/strong><br>Center Boulevard 5<br>2300 K\u00f8benhavn S<br>Danmark<\/p>\n\n\n\n<p class=\"wp-block-paragraph\"><a href=\"https:\/\/attend.pax8.com\/event\/emea-beyond-oct-2026\/register\" target=\"_blank\" rel=\"noreferrer noopener\"><strong>https:\/\/attend.pax8.com\/event\/emea-beyond-oct-2026\/register<\/strong><\/a><\/p>\n\n\n\n<p class=\"wp-block-paragraph\"><\/p>","protected":false},"author":1,"featured_media":28513,"menu_order":0,"comment_status":"closed","ping_status":"closed","template":"","meta":[],"tags":[24,1422,732,214,765,7519,7072,6015,1087,2486,48,31,176,1094,899,2350,790,5670,751,7523,215,6486,1691,7521,1093,2145,25,974,1089,908,1101,6087,4637,7517,315,1416,1450,7522,51,3084,7518],"event_type":[7473],"event_type_2":[],"class_list":["post-28512","ajde_events","type-ajde_events","status-publish","has-post-thumbnail","tag-ai","tag-artificiell-intelligens","tag-automation","tag-aws","tag-azure","tag-bella-center","tag-channel","tag-channel-partner","tag-cloud-computing","tag-cloud-marketplace","tag-copilot","tag-cybersakerhet","tag-danmark","tag-digital-transformation","tag-emea","tag-enterprise-it","tag-google-cloud","tag-it-innovation","tag-it-branschen","tag-it-ekosystem-2","tag-it-infrastruktur","tag-it-konferens-2","tag-it-partners","tag-kopenhamn","tag-managed-service-providers","tag-managed-services","tag-microsoft","tag-microsoft-365","tag-molntjanster","tag-msp","tag-natverkande","tag-nordiska-it-marknaden","tag-partner-ecosystem","tag-partner-program","tag-pax8","tag-pax8-beyond","tag-pax8-beyond-emea","tag-pax8-beyond-emea-2026-2","tag-saas","tag-tech-event","tag-tech-summit","event_location-bella-center-copenhagen","event_organizer-pax8","event_type-konferens","cs-entry","cs-video-wrap"],"_links":{"self":[{"href":"https:\/\/itbranschen.com\/da\/wp-json\/wp\/v2\/ajde_events\/28512","targetHints":{"allow":["GET"]}}],"collection":[{"href":"https:\/\/itbranschen.com\/da\/wp-json\/wp\/v2\/ajde_events"}],"about":[{"href":"https:\/\/itbranschen.com\/da\/wp-json\/wp\/v2\/types\/ajde_events"}],"author":[{"embeddable":true,"href":"https:\/\/itbranschen.com\/da\/wp-json\/wp\/v2\/users\/1"}],"replies":[{"embeddable":true,"href":"https:\/\/itbranschen.com\/da\/wp-json\/wp\/v2\/comments?post=28512"}],"wp:featuredmedia":[{"embeddable":true,"href":"https:\/\/itbranschen.com\/da\/wp-json\/wp\/v2\/media\/28513"}],"wp:attachment":[{"href":"https:\/\/itbranschen.com\/da\/wp-json\/wp\/v2\/media?parent=28512"}],"wp:term":[{"taxonomy":"post_tag","embeddable":true,"href":"https:\/\/itbranschen.com\/da\/wp-json\/wp\/v2\/tags?post=28512"},{"taxonomy":"event_type","embeddable":true,"href":"https:\/\/itbranschen.com\/da\/wp-json\/wp\/v2\/event_type?post=28512"},{"taxonomy":"event_type_2","embeddable":true,"href":"https:\/\/itbranschen.com\/da\/wp-json\/wp\/v2\/event_type_2?post=28512"}],"curies":[{"name":"wp","href":"https:\/\/api.w.org\/{rel}","templated":true}]}}

PAX8 BEYOND 2026 KØBENHAVN

<p class="wp-block-paragraph"><strong><a href="https://www.pax8.com/en-eu/" target="_blank" rel="noreferrer noopener">Pax8</a> Ud over EMEA 2026</strong> er en af Europas førende konferencer for MSP&#039;er, IT-partnere, cloud-udbydere og teknologivirksomheder. Over tre intensive dage samles brancheledere, eksperter og innovatorer for at udforske fremtiden for <a href="https://itbranschen.com/category/moln-data/">cloud-tjenester</a>, <a href="https://itbranschen.com/category/cybersakerhet/">cybersikkerhed</a>, <a href="https://itbranschen.com/category/artificiell-intelligens/">kunstig intelligens</a>, automatisering og <a href="https://itbranschen.com/category/digitalisering/">digital transformation</a>.</p>



<p class="wp-block-paragraph">Arrangementet byder på inspirerende hovedtaler, tekniske breakout-sessioner, praktiske workshops og omfattende netværksmuligheder. Deltagerne vil lære om de seneste innovationer i Pax8 Marketplace, møde førende teknologiudbydere og opdage strategier, der hjælper virksomheder med at vokse, strømline driften og skabe nye forretningsmuligheder i et hurtigt skiftende IT-marked.</p>



<figure class="wp-block-embed is-type-video is-provider-youtube wp-block-embed-youtube wp-embed-aspect-16-9 wp-has-aspect-ratio"><div class="wp-block-embed__wrapper">
<iframe title="Pax8 Beyond EMEA 18. oktober 2026 – 20. oktober" width="1200" height="675" src="https://www.youtube.com/embed/xSzlpU2SPb8?feature=oembed" frameborder="0" allow="accelerometer; autoplay; clipboard-write; encrypted-media; gyroscope; picture-in-picture; web-share" referrerpolicy="strict-origin-when-cross-origin" allowfullscreen></iframe>
</div></figure>



<p class="wp-block-paragraph">Uanset om du er MSP, forhandler, systemintegrator eller teknologipartner, <a href="https://itbranschen.com/tag/pax8/" data-type="post_tag" data-id="315">Pax8 Beyond EMEA</a> en unik mulighed for at opbygge værdifulde relationer, udvikle dine færdigheder og få konkret indsigt i fremtidens IT-økosystem. Konferencen afholdes i Bella Center i København d. <strong>18. til 20. oktober 2026</strong> og samler tusindvis af deltagere fra hele EMEA-regionen.</p>



<p class="wp-block-paragraph"><strong>Bella Center København</strong><br>Center Boulevard 5<br>2300 København S<br>Danmark</p>



<p class="wp-block-paragraph"><a href="https://attend.pax8.com/event/emea-beyond-oct-2026/register" target="_blank" rel="noreferrer noopener"><strong>https://attend.pax8.com/event/emea-beyond-oct-2026/register</strong></a></p>



<p class="wp-block-paragraph"></p>
